2022201121121 (base 3) in base 16?
5bd24e
111011111010100 (base 2) to base 8
73724
What is 5156650 (base 7) in base 5?
124310234
What is 1301333 (base 6) in base 12?
34849
Convert 2142224120 (base 5) to base 6.
243345324
Convert -25144243 (base 7) to base 6.
-120301551
What is -23245314 (base 6) in base 2?
-10110000001101101110
Convert 123424230 (base 5) to base 15.
c027a
-90b73 (base 13) to base 7
-2126052
-350744 (base 8) to base 5
-12304033
What is 4021142141 (base 5) in base 9?
16027556
Convert 190213 (base 10) to base 15.
3b55d
4609537 (base 11) to base 8
36610226
What is -6043317 (base 8) in base 10?
-1590991
-5331337 (base 8) to base 12
-586b3b
Convert -404204224 (base 5) to base 9.
-3056376
-201212100202 (base 3) to base 13
-108c86
Convert -1300236 (base 7) to base 6.
-3334403
Convert 79945 (base 11) to base 9.
185518
1025101 (base 10) to base 9
1832151
-1052a4 (base 13) to base 5
-44222000
Convert 319667 (base 14) to base 7.
20155460
Convert 211320002233 (base 4) to base 13.
209839c
What is -19295 (base 15) in base 5?
-10102330
Convert 9631a (base 13) to base 2.
1000010000110101001
What is 137475 (base 10) in base 4?
201210003
What is -702a8 (base 12) in base 14?
-3b09a
Convert -75345 (base 10) to base 4.
-102121101
Convert 232233032230 (base 4) to base 3.
212001110200121
What is -220211002001102 (base 3) in base 11?
-7499197
What is -589004a (base 11) in base 6?
-1004143300
Convert -33155115 (base 6) to base 12.
-3bba9b
-100001110011001 (base 2) to base 5
-1023210
What is -202010001201 (base 3) in base 11?
-250493
-1061405 (base 8) to base 4
-1012030011
What is 20322323103 (base 4) in base 6?
122042243
What is -13123100 (base 5) in base 11?
-89558
Convert -51103300 (base 6) to base 14.
-29c2b2
What is -3577450 (base 10) in base 14?
-691a42
Convert 2211222020021 (base 3) to base 4.
11301320113
Convert 1257325 (base 8) to base 16.
55ed5
172113 (base 11) to base 15
53daa
What is 14d09c (base 15) in base 6?
33320533
-100100002221011 (base 3) to base 13
-104985a
12001313 (base 5) to base 13
3ab56
3105400 (base 6) to base 7
1160211
-26755138 (base 9) to base 5
-11340020433
What is 2111111102 (base 3) in base 15?
e8a5
Convert 212042113 (base 5) to base 2.
11011010000111100000
Convert -661742 (base 12) to base 14.
-302642
-162340 (base 7) to base 11
-22109
Convert 64d63 (base 14) to base 2.
111011100110001011
Convert 4012433 (base 6) to base 4.
232001211
What is -320433134 (base 5) in base 7?
-14262134
What is 22102214 (base 5) in base 2?
101110100111010110
What is -21012201200112 (base 3) in base 6?
-214052405
Convert -428636 (base 11) to base 6.
-22402455
What is -25463045 (base 9) in base 14?
-1935a3b
What is 430405 (base 6) in base 10?
35141
Convert 2ab31f (base 16) to base 4.
22223030133
1100101111011010000100 (base 2) to base 14
62d24c
What is -541117 (base 9) in base 12?
-136637
-2092a (base 13) to base 3
-2222111022
What is -35315104 (base 7) in base 6?
-150422104
-2465671 (base 9) to base 6
-44435531
-261604 (base 8) to base 3
-11121211211
Convert 22350233 (base 6) to base 15.
d75e0
What is -11011101111101010 (base 2) in base 12?
-55922
Convert 10010001001111110111 (base 2) to base 4.
2101033313
What is 63623454 (base 8) in base 2?
110011110010011100101100
24024340 (base 5) to base 8
656663
What is -10101110010111001100000 (base 2) in base 15?
-77cd54
-203a60a (base 11) to base 5
-1410213331
-1327232 (base 8) to base 13
-100656
What is -20283486 (base 9) in base 2?
-100101001001101101101001
What is -555013 (base 7) in base 5?
-11112030
-30070050 (base 9) to base 15
-13e5239
Convert 1102122023 (base 5) to base 2.
1001000100111101110110
Convert 26a9a32 (base 13) to base 9.
24836416
What is 3445377 (base 11) in base 5?
3020241203
Convert 4258066 (base 10) to base 5.
2042224231
-1600131 (base 7) to base 16
-355c2
What is 3510337 (base 9) in base 10?
1896406
What is -1011001101111001000111 (base 2) in base 15?
-3d13c7
What is -2993c (base 13) in base 14?
-2084b
1430002 (base 6) to base 14
21a82
What is -33424350 (base 6) in base 8?
-3675312
Convert -1060513 (base 7) to base 4.
-200103112
What is db70b (base 15) in base 13?
1b523a
What is 1524050 (base 8) in base 2?
1101010100000101000
303547 (base 8) to base 14
28731
-47ba4 (base 14) to base 2
-101010110001000100
-eb579b (base 15) to base 10
-11206721
What is 5b8c95 (base 13) in base 2?
1000010110110000011010
423001153 (base 6) to base 10
7418589
68305 (base 9) to base 4
23012012
What is -7854ad (base 14) in base 4?
-33211233201
211001101122 (base 3) to base 14
b4270
Convert -a10330 (base 12) to base 9.
-4644370
-2608 (base 13) to base 14
-1d8c
277053 (base 8) to base 5
11112320
503b9 (base 13) to base 15
2c794
What is 101001110010000100 (base 2) in base 7?
1311644
What is 13bd58 (base 14) in base 8?
2473472
-42711 (base 9) to base 14
-a43d
What is 1022512532 (base 6) in base 12?
3735748
What is 13103141 (base 5) in base 4?
133120202
Convert 147643 (base 8) to base 13.
1b26b
What is 100122202222112 (base 3) in base 15?
6b5cbb
What is -110102220121002 (base 3) in base 5?
-3143033420
f9b60 (base 16) to base 12
413aa8
What is 313132010212 (base 4) in base 5?
12210303334
-bb23 (base 16) to base 3
-2102201100
1000001000011111 (base 2) to base 4
20020133
-4456144 (base 9) to base 12
-978564
What is 133488 (base 9) in base 5?
10100243
Convert -2011033113 (base 4) to base 11.
-343038
-10011211211 (base 3) to base 16
-f475
Convert 10867 (base 9) to base 3.
100222021
What is -10012222122 (base 3) in base 2?
-1111011110110101
60234477 (base 8) to base 10
12663103
77059 (base 12) to base 14
4148d
What is 15584d (base 14) in base 4?
2311330231
1a3029b (base 12) to base 7
65030423
4630111 (base 7) to base 8
2152212
What is 23e264 (base 15) in base 9?
3208204
Convert -9d60 (base 14) to base 10.
-27328
What is -c3a45 (base 13) in base 5?
-42213240
Convert -4334b (base 15) to base 6.
-4323455
What is 2153003 (base 7) in base 10?
265142
Convert 14403223 (base 6) to base 11.
310500
Convert -14b1570 (base 13) to base 4.
-121102132211
Convert 1384829 (base 10) to base 8.
5220575
Convert 3309ac (base 13) to base 9.
2230684
18174 (base 14) to base 15
12e96
What is 4695076 (base 11) in base 2?
11111001111110001010001
Convert 205374 (base 12) to base 13.
1498c6
What is 134213002 (base 6) in base 2?
1010011000111011011010
Convert -2110221102 (base 3) to base 5.
-3030200
2424413000 (base 5) to base 13
1247b96
-3aa77 (base 11) to base 9
-88250
Convert -138a96 (base 12) to base 13.
-b5761
-183b8 (base 15) to base 5
-10002343
What is -1843318 (base 9) in base 10?
-1032524
What is -1143722 (base 10) in base 4?
-10113032222
-113887 (base 11) to base 4
-230020030
23206170 (base 8) to base 7
60630320
1556276 (base 8) to base 6
13350022
-45006043 (base 7) to base 2
-1110110100010111011010
Convert -310e13 (base 15) to base 16.
-23950e
Convert -10548b (base 12) to base 15.
-51755
-192671 (base 16) to base 4
-12102121301
What is -1000100110011110011010 (base 2) in base 14?
-4299b4
-20211110102 (base 3) to base 12
-6599b
Convert 210313030 (base 5) to base 8.
3242605
Convert -320222223 (base 4) to base 12.
-b23a3
What is -222122210112 (base 3) in base 2?
-10000000000110111100
What is 182a929 (base 13) in base 14?
1090cc1
Convert -177997 (base 12) to base 5.
-101014431
Convert 101010111010100111 (base 2) to base 8.
527247
Convert -42864 (base 13) to base 14.
-31a88
What is 23049 (base 14) in base 4?
110302021
303341000 (base 5) to base 10
1230750
What is 1101011001110111010 (base 2) in base 15?
8a21b
What is 120666 (base 8) in base 14?
11130
What is -12120200012021 (base 3) in base 11?
-1746204
-10000011100001111001 (base 2) to base 11
-338849
What is 221546 (base 8) in base 11?
51057
Convert -28220152 (base 9) to base 13.
-2b75049
-544866 (base 9) to base 11
-202298
What is -66c74 (base 13) in base 9?
-314052
What is -ce508 (base 16) in base 13?
-23784c
What is -101142113 (base 5) in base 11?
-26172a
105551 (base 13) to base 14
9d909
Convert -445859 (base 14) to base 16.
-2367c7
-26349 (base 16) to base 3
-21221122220
-3400011 (base 6) to base 14
-464bd
-157daad (base 14) to base 9
-21722056
What is 187d23 (base 14) in base 4?
3103221323
1753102 (base 12) to base 13
100472c
Convert -88494 (base 10) to base 8.
-254656
What